{"id":13,"date":"2019-11-14T11:25:48","date_gmt":"2019-11-14T09:25:48","guid":{"rendered":"https:\/\/kohtiammattia.riveria.fi\/?page_id=13"},"modified":"2020-05-18T12:09:46","modified_gmt":"2020-05-18T09:09:46","slug":"osa-1-orientaatio","status":"publish","type":"page","link":"https:\/\/kohtiammattia.riveria.fi\/?page_id=13","title":{"rendered":"OSA 1 Orientaatio"},"content":{"rendered":"\t\t<div data-elementor-type=\"wp-page\" data-elementor-id=\"13\" class=\"elementor elementor-13\">\n\t\t\t\t\t\t<section class=\"elementor-section elementor-top-section elementor-element elementor-element-b57fb6e elementor-section-boxed elementor-section-height-default elementor-section-height-default\" data-id=\"b57fb6e\" data-element_type=\"section\" data-e-type=\"section\">\n\t\t\t\t\t\t<div class=\"elementor-container elementor-column-gap-default\">\n\t\t\t\t\t<div class=\"elementor-column elementor-col-100 elementor-top-column elementor-element elementor-element-c59abec\" data-id=\"c59abec\" data-element_type=\"column\" data-e-type=\"column\">\n\t\t\t<div class=\"elementor-widget-wrap elementor-element-populated\">\n\t\t\t\t\t\t<div class=\"elementor-element elementor-element-7e84a64 elementor-widget elementor-widget-text-editor\" data-id=\"7e84a64\" data-element_type=\"widget\" data-e-type=\"widget\" data-widget_type=\"text-editor.default\">\n\t\t\t\t<div class=\"elementor-widget-container\">\n\t\t\t\t\t\t\t\t\t<p>N\u00e4iss\u00e4 osiossa pohdit ammatinvalintaa, erilaisista ty\u00f6teht\u00e4vi\u00e4 sek\u00e4 ura- ja ty\u00f6mahdollisuuksia.<\/p>\t\t\t\t\t\t\t\t<\/div>\n\t\t\t\t<\/div>\n\t\t\t\t<div class=\"elementor-element elementor-element-a74cf20 elementor-tabs-view-horizontal elementor-widget elementor-widget-tabs\" data-id=\"a74cf20\" data-element_type=\"widget\" data-e-type=\"widget\" data-widget_type=\"tabs.default\">\n\t\t\t\t<div class=\"elementor-widget-container\">\n\t\t\t\t\t\t\t<div class=\"elementor-tabs\">\n\t\t\t<div class=\"elementor-tabs-wrapper\" role=\"tablist\" >\n\t\t\t\t\t\t\t\t\t<div id=\"elementor-tab-title-1751\" class=\"elementor-tab-title elementor-tab-desktop-title\" aria-selected=\"true\" data-tab=\"1\" role=\"tab\" tabindex=\"0\" aria-controls=\"elementor-tab-content-1751\" aria-expanded=\"false\">Uratarinat<\/div>\n\t\t\t\t\t\t\t\t\t<div id=\"elementor-tab-title-1752\" class=\"elementor-tab-title elementor-tab-desktop-title\" aria-selected=\"false\" data-tab=\"2\" role=\"tab\" tabindex=\"-1\" aria-controls=\"elementor-tab-content-1752\" aria-expanded=\"false\">Hakutoiveet<\/div>\n\t\t\t\t\t\t\t<\/div>\n\t\t\t<div class=\"elementor-tabs-content-wrapper\" role=\"tablist\" aria-orientation=\"vertical\">\n\t\t\t\t\t\t\t\t\t<div class=\"elementor-tab-title elementor-tab-mobile-title\" aria-selected=\"true\" data-tab=\"1\" role=\"tab\" tabindex=\"0\" aria-controls=\"elementor-tab-content-1751\" aria-expanded=\"false\">Uratarinat<\/div>\n\t\t\t\t\t<div id=\"elementor-tab-content-1751\" class=\"elementor-tab-content elementor-clearfix\" data-tab=\"1\" role=\"tabpanel\" aria-labelledby=\"elementor-tab-title-1751\" tabindex=\"0\" hidden=\"false\"><h5><b>Teht\u00e4v\u00e4t<\/b><\/h5>\n<h5>Uratarinat<\/h5>\n<p>Tutustu uratarinoihin esimerkiksi seuraavien l\u00e4hteiden avulla. Pohdi uratarinoiden avulla millaista ty\u00f6t\u00e4 haluaisit tehd\u00e4 ja millaisia erilaisia ty\u00f6teht\u00e4vi\u00e4 on olemassa. Voit keskustella my\u00f6s tuttavien tai l\u00e4heisten kanssa heid\u00e4n uratarinoistaan.<\/p>\n<ul>\n<li><a href=\"http:\/\/www.ammattinetti.fi\/uratarinat\/haku?all=true\" target=\"_blank\" rel=\"noopener\">Ammattinetti<\/a><\/li>\n<li><a href=\"http:\/\/www.ammattiosaaja.fi\/tutkinnot-ja-ammatit\" target=\"_blank\" rel=\"noopener\">Ammattiosaaja<\/a><strong><br><\/strong><\/li>\n<li><a href=\"https:\/\/duunitori.fi\/tyoelama\/category\/tyoelama\/rohkeat-ratkaisut\">Duunitori<\/a><\/li>\n<li><a href=\"https:\/\/www.mytech.fi\/ammattiosaaja-erinomainen-valinta\" target=\"_blank\" rel=\"noopener\">MyTech<\/a><strong><br><\/strong><\/li>\n<li><a href=\"https:\/\/rekrytointi.com\/tyonhaku\/uratarinoita\/\" target=\"_blank\" rel=\"noopener\">Rekrytointi<\/a><b><br><\/b><\/li>\n<li><a href=\"https:\/\/www.vaylatauki.fi\/\" target=\"_blank\" rel=\"noopener\">V\u00e4yl\u00e4t auki AMKE<\/a><\/li>\n<\/ul>\n<p><strong>Opiskelijoiden tarinoita<\/strong><\/p>\n<ul>\n<li>\n<p style=\"margin: 0cm 0cm 0.0001pt; font-size: 11pt; font-family: Calibri, sans-serif; caret-color: #201f1e; color: #201f1e; font-style: normal; font-variant-caps: normal; font-weight: normal; letter-spacing: normal; orphans: auto; text-align: start; text-indent: 0px; text-transform: none; white-space: normal; widows: auto; word-spacing: 0px; -webkit-text-size-adjust: auto; -webkit-text-stroke-width: 0px; text-decoration: none;\">Leipuri-kondiittoriopiskelija Emman tarina<\/p>\n<p style=\"margin: 0cm 0cm 0.0001pt; font-size: 11pt; font-family: Calibri, sans-serif; caret-color: #201f1e; color: #201f1e; font-style: normal; font-variant-caps: normal; font-weight: normal; letter-spacing: normal; orphans: auto; text-align: start; text-indent: 0px; text-transform: none; white-space: normal; widows: auto; word-spacing: 0px; -webkit-text-size-adjust: auto; -webkit-text-stroke-width: 0px; text-decoration: none;\"><a style=\"margin: 0px; padding: 0px; border: 0px; font-family: inherit; font-size: inherit; font-style: inherit; font-variant-caps: inherit; font-weight: inherit; font-stretch: inherit; line-height: inherit; vertical-align: baseline; color: #954f72; text-decoration: underline;\" href=\"https:\/\/www.youtube.com\/watch?v=YcYY5B0RWNU\" target=\"_blank\" rel=\"noopener noreferrer\" data-auth=\"NotApplicable\">https:\/\/www.youtube.com\/watch?v=YcYY5B0RWNU<\/a><\/p>\n<p style=\"margin: 0cm 0cm 0.0001pt; font-size: 11pt; font-family: Calibri, sans-serif; caret-color: #201f1e; color: #201f1e; font-style: normal; font-variant-caps: normal; font-weight: normal; letter-spacing: normal; orphans: auto; text-align: start; text-indent: 0px; text-transform: none; white-space: normal; widows: auto; word-spacing: 0px; -webkit-text-size-adjust: auto; -webkit-text-stroke-width: 0px; text-decoration: none;\">\n<\/p><\/li>\n<li>\n<p style=\"margin: 0cm 0cm 0.0001pt; font-size: 11pt; font-family: Calibri, sans-serif; caret-color: #201f1e; color: #201f1e; font-style: normal; font-variant-caps: normal; font-weight: normal; letter-spacing: normal; orphans: auto; text-align: start; text-indent: 0px; text-transform: none; white-space: normal; widows: auto; word-spacing: 0px; -webkit-text-size-adjust: auto; -webkit-text-stroke-width: 0px; text-decoration: none;\">Pienkonekorjaaja Erno Kostamo\/\/Uratarina<\/p>\n<p style=\"margin: 0cm 0cm 0.0001pt; font-size: 11pt; font-family: Calibri, sans-serif; caret-color: #201f1e; color: #201f1e; font-style: normal; font-variant-caps: normal; font-weight: normal; letter-spacing: normal; orphans: auto; text-align: start; text-indent: 0px; text-transform: none; white-space: normal; widows: auto; word-spacing: 0px; -webkit-text-size-adjust: auto; -webkit-text-stroke-width: 0px; text-decoration: none;\"><a style=\"margin: 0px; padding: 0px; border: 0px; font-family: inherit; font-size: inherit; font-style: inherit; font-variant-caps: inherit; font-weight: inherit; font-stretch: inherit; line-height: inherit; vertical-align: baseline; color: #954f72; text-decoration: underline;\" href=\"https:\/\/www.youtube.com\/watch?v=v71dJJY8ykQ\" target=\"_blank\" rel=\"noopener noreferrer\" data-auth=\"NotApplicable\">https:\/\/www.youtube.com\/watch?v=v71dJJY8ykQ<\/a><\/p>\n<p style=\"margin: 0cm 0cm 0.0001pt; font-size: 11pt; font-family: Calibri, sans-serif; caret-color: #201f1e; color: #201f1e; font-style: normal; font-variant-caps: normal; font-weight: normal; letter-spacing: normal; orphans: auto; text-align: start; text-indent: 0px; text-transform: none; white-space: normal; widows: auto; word-spacing: 0px; -webkit-text-size-adjust: auto; -webkit-text-stroke-width: 0px; text-decoration: none;\">\n<\/p><\/li>\n<li>\n<p style=\"margin: 0cm 0cm 0.0001pt; font-size: 11pt; font-family: Calibri, sans-serif; caret-color: #201f1e; color: #201f1e; font-style: normal; font-variant-caps: normal; font-weight: normal; letter-spacing: normal; orphans: auto; text-align: start; text-indent: 0px; text-transform: none; white-space: normal; widows: auto; word-spacing: 0px; -webkit-text-size-adjust: auto; -webkit-text-stroke-width: 0px; text-decoration: none;\">Uratarina: Pelialan yritt\u00e4j\u00e4 Joni Piiroinen<\/p>\n<p style=\"margin: 0cm 0cm 0.0001pt; font-size: 11pt; font-family: Calibri, sans-serif; caret-color: #201f1e; color: #201f1e; font-style: normal; font-variant-caps: normal; font-weight: normal; letter-spacing: normal; orphans: auto; text-align: start; text-indent: 0px; text-transform: none; white-space: normal; widows: auto; word-spacing: 0px; -webkit-text-size-adjust: auto; -webkit-text-stroke-width: 0px; text-decoration: none;\"><a style=\"margin: 0px; padding: 0px; border: 0px; font-family: inherit; font-size: inherit; font-style: inherit; font-variant-caps: inherit; font-weight: inherit; font-stretch: inherit; line-height: inherit; vertical-align: baseline; color: #954f72; text-decoration: underline;\" href=\"https:\/\/www.youtube.com\/watch?v=9TpyxGqea2s\" target=\"_blank\" rel=\"noopener noreferrer\" data-auth=\"NotApplicable\">https:\/\/www.youtube.com\/watch?v=9TpyxGqea2s<\/a><\/p>\n<\/li>\n<\/ul>\n<p>K\u00e4yt\u00e4 havaintoja <b>hakutoiveet<\/b> teht\u00e4v\u00e4ss\u00e4.<\/p><\/div>\n\t\t\t\t\t\t\t\t\t<div class=\"elementor-tab-title elementor-tab-mobile-title\" aria-selected=\"false\" data-tab=\"2\" role=\"tab\" tabindex=\"-1\" aria-controls=\"elementor-tab-content-1752\" aria-expanded=\"false\">Hakutoiveet<\/div>\n\t\t\t\t\t<div id=\"elementor-tab-content-1752\" class=\"elementor-tab-content elementor-clearfix\" data-tab=\"2\" role=\"tabpanel\" aria-labelledby=\"elementor-tab-title-1752\" tabindex=\"0\" hidden=\"hidden\"><h5>Hakutoiveet<\/h5><p>Tee kuvitteellinen haku ammatilliseen koulutukseen. Mieti 3-5 koulutusta, jotka kiinnostavat sinua eniten t\u00e4ll\u00e4 hetkell\u00e4?<br \/>Kirjaa ne alla olevaan toivelistaan (Toive 1 &#8211; Toive 5).<br \/>Voit etsi\u00e4 kiinnostavia koulutuksia seuraavista osoitteista<\/p><ul><li><a href=\"https:\/\/www.riveria.fi\" target=\"_blank\" rel=\"noopener\">Riveria<\/a><\/li><li><a href=\"https:\/\/opintopolku.fi\/wp\/fi\" target=\"_blank\" rel=\"noopener\">Opintopolku<\/a><\/li><li><a href=\"https:\/\/www.kunkoululoppuu.fi\/videot\/mille-alalle\" target=\"_blank\" rel=\"noopener\">Kunkoululoppuu<\/a><\/li><\/ul><p>Voit tehd\u00e4 ammatinvalintatestej\u00e4. Huom! Testit eiv\u00e4t koskaan anna valmista vastausta. Ne vain her\u00e4ttelev\u00e4t ajatuksia.<\/p><ul><li><a href=\"https:\/\/www.kunkoululoppuu.fi\/duunikone\/\">https:\/\/www.kunkoululoppuu.fi\/duunikone\/<\/a><\/li><li><a href=\"https:\/\/asiointi.mol.fi\/avo\/responsive\/front-page.xhtml\">https:\/\/asiointi.mol.fi\/avo\/responsive\/front-page.xhtml<\/a><\/li><\/ul>\n<div class=\"wpcf7 no-js\" id=\"wpcf7-f16-p13-o1\" lang=\"fi\" dir=\"ltr\" data-wpcf7-id=\"16\">\n<div class=\"screen-reader-response\"><p role=\"status\" aria-live=\"polite\" aria-atomic=\"true\"><\/p> <ul><\/ul><\/div>\n<form action=\"\/?page_id=13#wpcf7-f16-p13-o1\" method=\"post\" class=\"wpcf7-form init\" aria-label=\"Yhteydenottolomake\" novalidate=\"novalidate\" data-status=\"init\">\n<fieldset class=\"hidden-fields-container\"><input type=\"hidden\" name=\"_wpcf7\" value=\"16\" \/><input type=\"hidden\" name=\"_wpcf7_version\" value=\"6.1.5\" \/><input type=\"hidden\" name=\"_wpcf7_locale\" value=\"fi\" \/><input type=\"hidden\" name=\"_wpcf7_unit_tag\" value=\"wpcf7-f16-p13-o1\" \/><input type=\"hidden\" name=\"_wpcf7_container_post\" value=\"13\" \/><input type=\"hidden\" name=\"_wpcf7_posted_data_hash\" value=\"\" \/><input type=\"hidden\" name=\"_wpcf7_recaptcha_response\" value=\"\" \/>\n<\/fieldset>\n<p>Opiskelijan nimi: <span class=\"wpcf7-form-control-wrap\" data-name=\"text-178\"><input size=\"40\" maxlength=\"400\" class=\"wpcf7-form-control wpcf7-text wpcf7-validates-as-required\" aria-required=\"true\" aria-invalid=\"false\" value=\"\" type=\"text\" name=\"text-178\" \/><\/span><br \/>\nS\u00e4hk\u00f6posti: <span class=\"wpcf7-form-control-wrap\" data-name=\"email-187\"><input size=\"40\" maxlength=\"400\" class=\"wpcf7-form-control wpcf7-email wpcf7-validates-as-required wpcf7-text wpcf7-validates-as-email\" aria-required=\"true\" aria-invalid=\"false\" value=\"\" type=\"email\" name=\"email-187\" \/><\/span>\n<\/p>\n<p><label>Toive 1. <span class=\"wpcf7-form-control-wrap\" data-name=\"Toive1\"><textarea cols=\"40\" rows=\"1\" maxlength=\"2000\" class=\"wpcf7-form-control wpcf7-textarea\" aria-invalid=\"false\" name=\"Toive1\"><\/textarea><\/span><br \/>\n<\/label>\n<\/p>\n<p><label>Toive 2. <span class=\"wpcf7-form-control-wrap\" data-name=\"Toive2\"><textarea cols=\"40\" rows=\"1\" maxlength=\"2000\" class=\"wpcf7-form-control wpcf7-textarea\" aria-invalid=\"false\" name=\"Toive2\"><\/textarea><\/span><br \/>\n<\/label>\n<\/p>\n<p><label>Toive 3. <span class=\"wpcf7-form-control-wrap\" data-name=\"Toive3\"><textarea cols=\"40\" rows=\"1\" maxlength=\"2000\" class=\"wpcf7-form-control wpcf7-textarea\" aria-invalid=\"false\" name=\"Toive3\"><\/textarea><\/span><br \/>\n<\/label>\n<\/p>\n<p><label>Toive 4. <span class=\"wpcf7-form-control-wrap\" data-name=\"Toive4\"><textarea cols=\"40\" rows=\"1\" maxlength=\"2000\" class=\"wpcf7-form-control wpcf7-textarea\" aria-invalid=\"false\" name=\"Toive4\"><\/textarea><\/span><br \/>\n<\/label>\n<\/p>\n<p><label>Toive 5. <span class=\"wpcf7-form-control-wrap\" data-name=\"Toive5\"><textarea cols=\"40\" rows=\"1\" maxlength=\"2000\" class=\"wpcf7-form-control wpcf7-textarea\" aria-invalid=\"false\" name=\"Toive5\"><\/textarea><\/span><br \/>\n<\/label>\n<\/p>\n<span class=\"wpcf7-form-control-wrap recaptcha\" data-name=\"recaptcha\"><span data-sitekey=\"6LeOnvkUAAAAAJeGbMSoQ24x21-uSvajm00IjnSE\" class=\"wpcf7-form-control wpcf7-recaptcha g-recaptcha\"><\/span>\r\n<noscript>\r\n\t<div class=\"grecaptcha-noscript\">\r\n\t\t<iframe src=\"https:\/\/www.recaptcha.net\/recaptcha\/api\/fallback?k=6LeOnvkUAAAAAJeGbMSoQ24x21-uSvajm00IjnSE\" frameborder=\"0\" scrolling=\"no\" width=\"310\" height=\"430\">\r\n\t\t<\/iframe>\r\n\t\t<textarea name=\"g-recaptcha-response\" rows=\"3\" cols=\"40\" placeholder=\"reCaptcha Response Here\">\r\n\t\t<\/textarea>\r\n\t<\/div>\r\n<\/noscript>\r\n<\/span>\n<p><input class=\"wpcf7-form-control wpcf7-submit has-spinner\" type=\"submit\" value=\"L\u00e4het\u00e4\" \/><br \/>\nTalleta tai tulosta vastauksesi ja tallenna teht\u00e4v\u00e4 itsellesi.\n<\/p><div class=\"wpcf7-response-output\" aria-hidden=\"true\"><\/div>\n<\/form>\n<\/div>\n<\/div>\n\t\t\t\t\t\t\t<\/div>\n\t\t<\/div>\n\t\t\t\t\t\t<\/div>\n\t\t\t\t<\/div>\n\t\t\t\t\t<\/div>\n\t\t<\/div>\n\t\t\t\t\t<\/div>\n\t\t<\/section>\n\t\t\t\t<\/div>\n\t\t","protected":false},"excerpt":{"rendered":"<p>N\u00e4iss\u00e4 osiossa pohdit ammatinvalintaa, erilaisista ty\u00f6teht\u00e4vi\u00e4 sek\u00e4 ura- ja ty\u00f6mahdollisuuksia. Uratarinat Hakutoiveet Uratarinat Teht\u00e4v\u00e4t Uratarinat Tutustu uratarinoihin esimerkiksi seuraavien l\u00e4hteiden avulla. Pohdi uratarinoiden avulla millaista ty\u00f6t\u00e4 haluaisit tehd\u00e4 ja millaisia erilaisia ty\u00f6teht\u00e4vi\u00e4 on olemassa. Voit keskustella my\u00f6s tuttavien tai l\u00e4heisten kanssa heid\u00e4n uratarinoistaan. Ammattinetti Ammattiosaaja Duunitori MyTech Rekrytointi V\u00e4yl\u00e4t auki AMKE Opiskelijoiden tarinoita Leipuri-kondiittoriopiskelija Emman [&hellip;]<\/p>\n","protected":false},"author":1,"featured_media":0,"parent":0,"menu_order":0,"comment_status":"closed","ping_status":"closed","template":"","meta":{"content-type":"","footnotes":""},"class_list":["post-13","page","type-page","status-publish","hentry"],"_links":{"self":[{"href":"https:\/\/kohtiammattia.riveria.fi\/index.php?rest_route=\/wp\/v2\/pages\/13","targetHints":{"allow":["GET"]}}],"collection":[{"href":"https:\/\/kohtiammattia.riveria.fi\/index.php?rest_route=\/wp\/v2\/pages"}],"about":[{"href":"https:\/\/kohtiammattia.riveria.fi\/index.php?rest_route=\/wp\/v2\/types\/page"}],"author":[{"embeddable":true,"href":"https:\/\/kohtiammattia.riveria.fi\/index.php?rest_route=\/wp\/v2\/users\/1"}],"replies":[{"embeddable":true,"href":"https:\/\/kohtiammattia.riveria.fi\/index.php?rest_route=%2Fwp%2Fv2%2Fcomments&post=13"}],"version-history":[{"count":49,"href":"https:\/\/kohtiammattia.riveria.fi\/index.php?rest_route=\/wp\/v2\/pages\/13\/revisions"}],"predecessor-version":[{"id":571,"href":"https:\/\/kohtiammattia.riveria.fi\/index.php?rest_route=\/wp\/v2\/pages\/13\/revisions\/571"}],"wp:attachment":[{"href":"https:\/\/kohtiammattia.riveria.fi\/index.php?rest_route=%2Fwp%2Fv2%2Fmedia&parent=13"}],"curies":[{"name":"wp","href":"https:\/\/api.w.org\/{rel}","templated":true}]}}